{"id":118,"date":"2024-05-27T13:02:36","date_gmt":"2024-05-27T11:02:36","guid":{"rendered":"https:\/\/www.vieagricole-meuse.fr\/?page_id=118"},"modified":"2024-09-23T09:53:26","modified_gmt":"2024-09-23T07:53:26","slug":"mentions-legales","status":"publish","type":"page","link":"https:\/\/www.vieagricole-meuse.fr\/index.php\/mentions-legales\/","title":{"rendered":"Mentions l\u00e9gales"},"content":{"rendered":"Editeur responsable du site&nbsp;:SEMPA \u2013 La Vie Agricole de la MeuseMaison de l\u2019Agriculture, Zone du Wameau de Belleville, 55100 VerdunRCS : Bar le Duc&nbsp;B 847&nbsp;180&nbsp;080Capital social&nbsp;: 15.000 eurosT\u00e9l&nbsp;: 03 29 83 30 13 Agr\u00e9\u00e9 par la CPPAP au titre de la presse en ligne : 1126 X 94 765 Principaux <a href=\"https:\/\/www.vieagricole-meuse.fr\/index.php\/mentions-legales\/\" class=\"more-link\">(suite\u2026)<\/a>","protected":false},"excerpt":{"rendered":"<p>Editeur responsable du site&nbsp;:SEMPA \u2013 La Vie Agricole de la MeuseMaison de l\u2019Agriculture, Zone du Wameau de Belleville, 55100 VerdunRCS : Bar le Duc&nbsp;B 847&nbsp;180&nbsp;080Capital [&#8230;]<\/p>\n","protected":false},"author":1,"featured_media":0,"parent":0,"menu_order":0,"comment_status":"closed","ping_status":"closed","template":"","meta":{"_monsterinsights_skip_tracking":false,"_monsterinsights_sitenote_active":false,"_monsterinsights_sitenote_note":"","_monsterinsights_sitenote_category":0,"footnotes":""},"class_list":["post-118","page","type-page","status-publish","hentry"],"yoast_head":"<!-- This site is optimized with the Yoast SEO plugin v27.4 - https:\/\/yoast.com\/product\/yoast-seo-wordpress\/ -->\n<title>Mentions l\u00e9gales - La Vie Agricole de la Meuse<\/title>\n<meta name=\"robots\" content=\"index, follow, max-snippet:-1, max-image-preview:large, max-video-preview:-1\" \/>\n<link rel=\"canonical\" href=\"https:\/\/www.vieagricole-meuse.fr\/index.php\/mentions-legales\/\" \/>\n<meta property=\"og:locale\" content=\"fr_FR\" \/>\n<meta property=\"og:type\" content=\"article\" \/>\n<meta property=\"og:title\" content=\"Mentions l\u00e9gales - La Vie Agricole de la Meuse\" \/>\n<meta property=\"og:description\" content=\"Editeur responsable du site&nbsp;:SEMPA \u2013 La Vie Agricole de la MeuseMaison de l\u2019Agriculture, Zone du Wameau de Belleville, 55100 VerdunRCS : Bar le Duc&nbsp;B 847&nbsp;180&nbsp;080Capital [...]\" \/>\n<meta property=\"og:url\" content=\"https:\/\/www.vieagricole-meuse.fr\/index.php\/mentions-legales\/\" \/>\n<meta property=\"og:site_name\" content=\"La Vie Agricole de la Meuse\" \/>\n<meta property=\"article:publisher\" content=\"https:\/\/www.facebook.com\/VieAgricole55\/\" \/>\n<meta property=\"article:modified_time\" content=\"2024-09-23T07:53:26+00:00\" \/>\n<meta name=\"twitter:card\" content=\"summary_large_image\" \/>\n<meta name=\"twitter:site\" content=\"@VieAgricole55\" \/>\n<meta name=\"twitter:label1\" content=\"Dur\u00e9e de lecture estim\u00e9e\" \/>\n\t<meta name=\"twitter:data1\" content=\"3 minutes\" \/>\n<script type=\"application\/ld+json\" class=\"yoast-schema-graph\">{\"@context\":\"https:\\\/\\\/schema.org\",\"@graph\":[{\"@type\":\"WebPage\",\"@id\":\"https:\\\/\\\/www.vieagricole-meuse.fr\\\/index.php\\\/mentions-legales\\\/\",\"url\":\"https:\\\/\\\/www.vieagricole-meuse.fr\\\/index.php\\\/mentions-legales\\\/\",\"name\":\"Mentions l\u00e9gales - La Vie Agricole de la Meuse\",\"isPartOf\":{\"@id\":\"https:\\\/\\\/www.vieagricole-meuse.fr\\\/#website\"},\"datePublished\":\"2024-05-27T11:02:36+00:00\",\"dateModified\":\"2024-09-23T07:53:26+00:00\",\"breadcrumb\":{\"@id\":\"https:\\\/\\\/www.vieagricole-meuse.fr\\\/index.php\\\/mentions-legales\\\/#breadcrumb\"},\"inLanguage\":\"fr-FR\",\"potentialAction\":[{\"@type\":\"ReadAction\",\"target\":[\"https:\\\/\\\/www.vieagricole-meuse.fr\\\/index.php\\\/mentions-legales\\\/\"]}]},{\"@type\":\"BreadcrumbList\",\"@id\":\"https:\\\/\\\/www.vieagricole-meuse.fr\\\/index.php\\\/mentions-legales\\\/#breadcrumb\",\"itemListElement\":[{\"@type\":\"ListItem\",\"position\":1,\"name\":\"Accueil\",\"item\":\"https:\\\/\\\/www.vieagricole-meuse.fr\\\/\"},{\"@type\":\"ListItem\",\"position\":2,\"name\":\"Mentions l\u00e9gales\"}]},{\"@type\":\"WebSite\",\"@id\":\"https:\\\/\\\/www.vieagricole-meuse.fr\\\/#website\",\"url\":\"https:\\\/\\\/www.vieagricole-meuse.fr\\\/\",\"name\":\"La Vie Agricole de la Meuse\",\"description\":\"L&#039;information meusienne de proximit\u00e9\",\"publisher\":{\"@id\":\"https:\\\/\\\/www.vieagricole-meuse.fr\\\/#organization\"},\"potentialAction\":[{\"@type\":\"SearchAction\",\"target\":{\"@type\":\"EntryPoint\",\"urlTemplate\":\"https:\\\/\\\/www.vieagricole-meuse.fr\\\/?s={search_term_string}\"},\"query-input\":{\"@type\":\"PropertyValueSpecification\",\"valueRequired\":true,\"valueName\":\"search_term_string\"}}],\"inLanguage\":\"fr-FR\"},{\"@type\":\"Organization\",\"@id\":\"https:\\\/\\\/www.vieagricole-meuse.fr\\\/#organization\",\"name\":\"La Vie Agricole de la Meuse\",\"url\":\"https:\\\/\\\/www.vieagricole-meuse.fr\\\/\",\"logo\":{\"@type\":\"ImageObject\",\"inLanguage\":\"fr-FR\",\"@id\":\"https:\\\/\\\/www.vieagricole-meuse.fr\\\/#\\\/schema\\\/logo\\\/image\\\/\",\"url\":\"https:\\\/\\\/www.vieagricole-meuse.fr\\\/wp-content\\\/uploads\\\/2024\\\/04\\\/cropped-cropped-baniere.png\",\"contentUrl\":\"https:\\\/\\\/www.vieagricole-meuse.fr\\\/wp-content\\\/uploads\\\/2024\\\/04\\\/cropped-cropped-baniere.png\",\"width\":1183,\"height\":233,\"caption\":\"La Vie Agricole de la Meuse\"},\"image\":{\"@id\":\"https:\\\/\\\/www.vieagricole-meuse.fr\\\/#\\\/schema\\\/logo\\\/image\\\/\"},\"sameAs\":[\"https:\\\/\\\/www.facebook.com\\\/VieAgricole55\\\/\",\"https:\\\/\\\/x.com\\\/VieAgricole55\",\"https:\\\/\\\/www.linkedin.com\\\/company\\\/88410665\\\/\"]}]}<\/script>\n<!-- \/ Yoast SEO plugin. -->","yoast_head_json":{"title":"Mentions l\u00e9gales - La Vie Agricole de la Meuse","robots":{"index":"index","follow":"follow","max-snippet":"max-snippet:-1","max-image-preview":"max-image-preview:large","max-video-preview":"max-video-preview:-1"},"canonical":"https:\/\/www.vieagricole-meuse.fr\/index.php\/mentions-legales\/","og_locale":"fr_FR","og_type":"article","og_title":"Mentions l\u00e9gales - La Vie Agricole de la Meuse","og_description":"Editeur responsable du site&nbsp;:SEMPA \u2013 La Vie Agricole de la MeuseMaison de l\u2019Agriculture, Zone du Wameau de Belleville, 55100 VerdunRCS : Bar le Duc&nbsp;B 847&nbsp;180&nbsp;080Capital [...]","og_url":"https:\/\/www.vieagricole-meuse.fr\/index.php\/mentions-legales\/","og_site_name":"La Vie Agricole de la Meuse","article_publisher":"https:\/\/www.facebook.com\/VieAgricole55\/","article_modified_time":"2024-09-23T07:53:26+00:00","twitter_card":"summary_large_image","twitter_site":"@VieAgricole55","twitter_misc":{"Dur\u00e9e de lecture estim\u00e9e":"3 minutes"},"schema":{"@context":"https:\/\/schema.org","@graph":[{"@type":"WebPage","@id":"https:\/\/www.vieagricole-meuse.fr\/index.php\/mentions-legales\/","url":"https:\/\/www.vieagricole-meuse.fr\/index.php\/mentions-legales\/","name":"Mentions l\u00e9gales - La Vie Agricole de la Meuse","isPartOf":{"@id":"https:\/\/www.vieagricole-meuse.fr\/#website"},"datePublished":"2024-05-27T11:02:36+00:00","dateModified":"2024-09-23T07:53:26+00:00","breadcrumb":{"@id":"https:\/\/www.vieagricole-meuse.fr\/index.php\/mentions-legales\/#breadcrumb"},"inLanguage":"fr-FR","potentialAction":[{"@type":"ReadAction","target":["https:\/\/www.vieagricole-meuse.fr\/index.php\/mentions-legales\/"]}]},{"@type":"BreadcrumbList","@id":"https:\/\/www.vieagricole-meuse.fr\/index.php\/mentions-legales\/#breadcrumb","itemListElement":[{"@type":"ListItem","position":1,"name":"Accueil","item":"https:\/\/www.vieagricole-meuse.fr\/"},{"@type":"ListItem","position":2,"name":"Mentions l\u00e9gales"}]},{"@type":"WebSite","@id":"https:\/\/www.vieagricole-meuse.fr\/#website","url":"https:\/\/www.vieagricole-meuse.fr\/","name":"La Vie Agricole de la Meuse","description":"L&#039;information meusienne de proximit\u00e9","publisher":{"@id":"https:\/\/www.vieagricole-meuse.fr\/#organization"},"potentialAction":[{"@type":"SearchAction","target":{"@type":"EntryPoint","urlTemplate":"https:\/\/www.vieagricole-meuse.fr\/?s={search_term_string}"},"query-input":{"@type":"PropertyValueSpecification","valueRequired":true,"valueName":"search_term_string"}}],"inLanguage":"fr-FR"},{"@type":"Organization","@id":"https:\/\/www.vieagricole-meuse.fr\/#organization","name":"La Vie Agricole de la Meuse","url":"https:\/\/www.vieagricole-meuse.fr\/","logo":{"@type":"ImageObject","inLanguage":"fr-FR","@id":"https:\/\/www.vieagricole-meuse.fr\/#\/schema\/logo\/image\/","url":"https:\/\/www.vieagricole-meuse.fr\/wp-content\/uploads\/2024\/04\/cropped-cropped-baniere.png","contentUrl":"https:\/\/www.vieagricole-meuse.fr\/wp-content\/uploads\/2024\/04\/cropped-cropped-baniere.png","width":1183,"height":233,"caption":"La Vie Agricole de la Meuse"},"image":{"@id":"https:\/\/www.vieagricole-meuse.fr\/#\/schema\/logo\/image\/"},"sameAs":["https:\/\/www.facebook.com\/VieAgricole55\/","https:\/\/x.com\/VieAgricole55","https:\/\/www.linkedin.com\/company\/88410665\/"]}]}},"_links":{"self":[{"href":"https:\/\/www.vieagricole-meuse.fr\/index.php\/wp-json\/wp\/v2\/pages\/118","targetHints":{"allow":["GET"]}}],"collection":[{"href":"https:\/\/www.vieagricole-meuse.fr\/index.php\/wp-json\/wp\/v2\/pages"}],"about":[{"href":"https:\/\/www.vieagricole-meuse.fr\/index.php\/wp-json\/wp\/v2\/types\/page"}],"author":[{"embeddable":true,"href":"https:\/\/www.vieagricole-meuse.fr\/index.php\/wp-json\/wp\/v2\/users\/1"}],"replies":[{"embeddable":true,"href":"https:\/\/www.vieagricole-meuse.fr\/index.php\/wp-json\/wp\/v2\/comments?post=118"}],"version-history":[{"count":5,"href":"https:\/\/www.vieagricole-meuse.fr\/index.php\/wp-json\/wp\/v2\/pages\/118\/revisions"}],"predecessor-version":[{"id":1252,"href":"https:\/\/www.vieagricole-meuse.fr\/index.php\/wp-json\/wp\/v2\/pages\/118\/revisions\/1252"}],"wp:attachment":[{"href":"https:\/\/www.vieagricole-meuse.fr\/index.php\/wp-json\/wp\/v2\/media?parent=118"}],"curies":[{"name":"wp","href":"https:\/\/api.w.org\/{rel}","templated":true}]}}